units digit of 100*(2/(-12) + (-8)/(-12))?
0
Suppose 5*p - v - 223 = 339, 4*p - 464 = -4*v. What is the units digit of p?
3
Let q(n) = -n**3 - 6*n**2 - 3*n - 7. Let h be q(-6). Suppose 0 = 3*o - 4*p + 5 + 9, 2 = -o + 4*p. Let z = h - o. What is the tens digit of z?
1
Suppose h + h = 3*r + 13, 4*h - 4*r - 32 = 0. Let j = h + -10. Let g(x) = 7*x**2. What is the units digit of g(j)?
7
Let t = -58 + 8. Let d = t + 104. What is the units digit of d?
4
Suppose 5*d - n = -1878 + 5867, 5*d - 3*n - 3997 = 0. What is the hundreds digit of d?
7
Suppose -768*i = -770*i + 822. What is the units digit of i?
1
Let m(n) = 2*n**2 + 6*n - 21. What is the hundreds digit of m(10)?
2
What is the hundreds digit of 8/10 - 0 - (-1866237)/435?
2
Suppose g + 64 = -0*g - 3*u, -4*g + u = 230. Let p = g - -211. What is the units digit of p?
3
Let h(u) = 3*u**3 - u**2 + u - 6. Let n be h(10). Suppose o = 12*o - n. What is the hundreds digit of o?
2
Suppose r + 4*r - 25 = 0. Suppose r*q - 227 = 103. What is the tens digit of q?
6
Suppose 12 = -12*d + 9*d. Let w be (-11)/(-6) + d/(-24). Let j(r) = -r**2 + 3*r - 1. What is the units digit of j(w)?
1
Let m(n) be the third derivative of n**4/12 - 3*n**3/2 - 3*n**2. Let l be m(6). Let t = 42 + l. What is the units digit of t?
5
Let g = -5 + 5. Suppose -4*i + 13 + 147 = g. What is the tens digit of i?
4
Suppose 5*v - w - 5890 = 0, -5*v - 3*w = -8*v + 3534. What is the hundreds digit of v?
1
Let m(p) = -p**3 - 9*p**2 + 3*p + 22. Let d be m(-9). Let n(h) = -7*h - 4. What is the tens digit of n(d)?
3
Suppose -2*j = 5*a + 131, 2*j + 73 = j - a. Let n = j - -182. What is the units digit of n?
4
Let f(q) = q**2 + q + 6. Let n be f(0). Let h be n/(-6) + 0 + 41. What is the units digit of h*(-16)/(-60)*6?
4
Suppose -97 = -w + 43. Suppose -5*s = 2*o - 5*o + w, -4*s = -2*o + 92. What is the tens digit of o?
5
Suppose 11*x - 12*x = -39. Let d = 6 + x. What is the units digit of d?
5
What is the units digit of -449*(-2 - -1)*9?
1
What is the units digit of 11 + (-104862)/(-42) + 4/14?
8
Let o(l) = -l - 6. Let u be o(-11). Let g be (-612)/u - 4/(-10). Let i = -86 - g. What is the units digit of i?
6
Suppose 0 = 2*t - 11 - 7. Suppose y = 115 - t. What is the tens digit of y?
0
Suppose 5*w = 14 + 1. Suppose -2*m + 5*p - 344 = -6*m, w*p = 4*m - 376. What is the units digit of m?
1
Let i be (-1)/6 + (-95)/(-30). Let h be (4/i)/(12/18). Suppose -h*g + 5*s = -g - 35, 15 = 4*g + 5*s. What is the units digit of g?
0
Suppose 0 = -3*d + 767 - 227. Suppose -4*m + d = 44. What is the tens digit of m?
3
Let j be 7/(-6 - (-88)/16). Suppose 3*f + f - 172 = 4*k, -3*k = -5*f + 207. Let i = j + f. What is the tens digit of i?
2
Suppose 0 = 2*n - 2 - 4. Let m be (-1 - 12/(-4)) + n. Suppose 41 = m*c - g, 4*c - 2*c - 12 = -4*g. What is the units digit of c?
8
Suppose 3*g - 646 = -2*y, g - 3*y = 6*g - 1077. What is the units digit of g?
6
What is the tens digit of 0 + 0*3/9 + 496?
9
Let k be ((-32)/6)/(4/(-6)). Suppose -k*q + 27 = -5*q. Suppose 0 = 7*t - q*t + 14. What is the units digit of t?
7
Let q be 5 + (0/(-5) - 3). Suppose q*r - 5*d = -0*r - 10, 3*r = d - 2. Suppose 5*b - 4*b = 0, 4*z - b - 84 = r. What is the tens digit of z?
2
Suppose 43 = 7*s - 111. Suppose 0 = -2*g - 3*j - 28, 2*g + 28 = -j - j. Let h = g + s. What is the units digit of h?
8
Suppose 5*u - z - 593 = -0*z, -2*u + 227 = 3*z. Suppose 8*r = 186 + u. What is the tens digit of r?
3
Suppose 1 = -2*p + 33. Let d = p + -6. What is the tens digit of d?
1
Suppose 5*q = 8*q + 4*w - 5149, -5*q - 2*w = -8563. What is the thousands digit of q?
1
Suppose 2*w + w - t = 2792, -3*t = -3*w + 2802. What is the tens digit of w?
2
Let s(r) = -19*r**3 + 2*r**2 - 2*r. Let i be s(1). Let b(c) = c**3 + 18*c**2 - 25*c - 9. What is the tens digit of b(i)?
0
What is the units digit of -9133*(-6)/15 - (-3)/(-15)?
3
Let g(u) = -2*u**2 - 9 - u**2 + 2*u**2 + 40. What is the units digit of g(0)?
1
Let p(k) = k**2 + 11*k + 10. Let z be p(-7). What is the units digit of 63*2/(-8)*48/z?
2
Let u = -1895 + 2602. What is the tens digit of u?
0
Let o be (-6)/(-10) - 32/20. Let p(y) = -28*y - 3. What is the units digit of p(o)?
5
Let r(w) = -86*w**3 + 2*w**2 - 1. Let n be r(1). Let l = n - -260. What is the units digit of l?
5
Let n(a) be the third derivative of 11*a**5/60 - a**3/6 + 8*a**2. Let v be n(1). What is the units digit of ((-16)/5)/(v/(-25))?
8
Suppose -7*m = -487 - 591. What is the tens digit of m?
5
Suppose 2*i = 7*i - 45. Let d(c) be the first derivative of -c**4/4 + 8*c**3/3 + 6*c**2 - 2*c - 34. What is the units digit of d(i)?
5
Let q be 5 + 11/(-1)*1. What is the tens digit of (-225)/q*(-1)/(6/(-4))?
2
Let y(p) = 33*p + 3. Suppose 4*f - c = 16, 0*c + 12 = 3*f - 3*c. What is the hundreds digit of y(f)?
1
Let m(q) = 4*q**2 - q - 23. What is the units digit of m(-4)?
5
Let b = 72 - 66. Suppose -10*a + 608 = -b*a. What is the hundreds digit of a?
1
Suppose 35*d - 51546 = -18611. What is the hundreds digit of d?
9
Let t = 131 + 341. What is the units digit of t?
2
Let k(m) = -11*m + 46. What is the hundreds digit of k(-23)?
2
Suppose -2 - 22 = 3*k. Let w be (-3 - (-1 + k)) + -2. Let f = w - -8. What is the units digit of f?
2
Let c(s) = s**3 - 10*s**2 + s - 10. Let k be c(10). Suppose -3*p - 2*n + 344 = 3*n, k = -p + 5*n + 88. What is the units digit of (p/(-30))/((-2)/5)?
9
Suppose 4450 = 28*l - 23*l. What is the tens digit of l?
9
Suppose -5*u + 4*v + 21 = -0*v, 5*v = -3*u + 20. Suppose u*g = -2*m + 7 + 31, -4 = 2*g - 4*m. What is the units digit of g?
6
Suppose -18*u + 10733 = -25969. What is the hundreds digit of u?
0
Let j(z) = 7*z**2 - 104*z - 684. What is the hundreds digit of j(-7)?
3
Let j(d) = -2*d**2 - 19*d - 6. Let s be j(-9). What is the hundreds digit of ((3 - s) + 41)*3?
1
Suppose 9*n + 963 - 4743 = 0. What is the tens digit of n?
2
Suppose y - 6*y - h = -8, -10 = -2*y + 3*h. Let u be (-9)/(-3) + y*-1. Let z = u - -19. What is the units digit of z?
0
Let r(s) = -s - 2. Let w be r(-3). Let j = w - 8. Let z(n) = 2*n**2 + 10*n + 3. What is the units digit of z(j)?
1
Suppose -8*k = -2*k - 1494. Let x = k + -55. What is the tens digit of x?
9
Let d(o) = 5*o - 11. Let v be d(3). Suppose 4*f + p = 149, 3*f - v*p + 2*p = 98. What is the tens digit of f?
3
Let m(b) = b - 3. Let p be m(2). Let i be (p/3)/((-6)/72). Suppose 0*w = i*w - 60. What is the units digit of w?
5
Let x(q) = q**2 + 21*q - 17. Let w be x(-22). Suppose w*y - 80 = 340. What is the tens digit of y?
8
Let j = 18 - 20. Let w be 4/10*(-60)/j. Let u = w - 0. What is the tens digit of u?
1
Let z(j) = j**3 - 38*j**2 + 36*j - 60. What is the thousands digit of z(38)?
1
What is the tens digit of 357/3*60/42?
7
Suppose 4*d = -b + 6292, 4*b + 549 = -4*d + 6853. What is the tens digit of d?
7
Suppose -531 = -3*u + 3*j, 2*u + 2*u = 3*j + 704. What is the units digit of u?
3
Let x = -1018 - -1941. What is the hundreds digit of x?
9
Let f = 150 + 27. What is the tens digit of f?
7
Suppose 12*w - 7*w = -5*v + 19660, 0 = -3*w + 3*v + 11814. What is the tens digit of w?
3
Let f be (-2)/6 + (-132)/36. Let l be f/10 - 532/(-5). Suppose l = 4*d + 18. What is the tens digit of d?
2
Let z = -12 - -17. Suppose -a - 2*g + 24 + 5 = 0, 3*a - 91 = -z*g. What is the units digit of a?
7
Suppose -1278 = 6*s - 8*s. What is the units digit of s?
9
Suppose 7 = -8*f + 47. Suppose 0 = 4*w - 4*p - 512, 2*p = -f*w - 3*p + 670. What is the units digit of w?
1
Suppose 4*o = -12, -2*o - 3*o = 2*h - 2849. What is the hundreds digit of h?
4
Let v = 4770 + -3259. What is the tens digit of v?
1
Let v be 15 + (3*(-2 - -3) - 6). What is the tens digit of ((-666)/v)/((-3)/4)?
7
Let w = -1359 + 1911. Let s = 818 - w. What is the tens digit of s?
6
Suppose -i = -f - 87, 4*f + 0*f + i = -348. Let r = -45 - f. What is the units digit of r?
2
Let j(g) be the third derivative of 1/60*g**5 + 2*g**3 - 1/3*g**4 + 0*g + 0 - 5*g**2. What is the tens digit of j(9)?
2
Let n = 555 + -541. What is the units digit of n?
4
Suppose -d + j = -3*d + 1436, j = 2. Let g = d + -462. Suppose 5*s - 2*l - g = l, 5*s - 235 = -l. What is the tens digit of s?
4
Let l = 2980 + -1260. Suppose -3*f = 7*f - l. What is the hundreds digit of f?
1
Suppose -23487 = -17*g + 20934. What is the thousands digit of g?
2
Let z 